 Let v be 105/15 + (-24)/4 + 15. What is z(v)?
-12
Let j = 203 - 201. Let i(m) = -5*m + 4 - 1 + 4*m - 1. Determine i(j).
0
Let l(y) = y**3 - 5*y**2 + 4*y - 6. Let z(p) = 0*p + p - 3 + 7 + 7*p**2 + 5*p - 1. Let a be z(-1). Determine l(a).
-6
Let s(u) = 9*u + 15. Let b(i) = 11*i + 9. Let l(a) = 6*a + 5. Let z(f) = 4*b(f) - 7*l(f). Let o(v) = s(v) - 4*z(v). Determine o(-8).
3
Let b(w) = w**3 + w**2 + 1. Let n(t) = -t + 7. Let r be n(10). Let v be 6*r/(-6)*1. Let p(z) = -z**3 + z**2 + z. Let a(m) = v*b(m) + 2*p(m). Give a(-5).
-7
Let c(n) = -n**2 + 13*n - 24. Let v be (-18)/(-15) + 42/(-35) + 8. Give c(v).
16
Let o(y) = -2*y**2 + 7. Let q(h) = h**2 - h - 1. Let k(d) = -o(d) - 3*q(d). Let u(c) = -4*c**2 + 6*c - 3*c + 5*c**2 + 4. Let g be u(0). Give k(g).
-8
Let p be 43/7 - (-12)/(-126)*-9. Let h(m) = 2*m**3 - 12*m**2 - 10*m + 7. Calculate h(p).
35
Let u(z) = 17*z + 1. Let m(q) = 128*q - 3. Let f(p) = m(p) - 8*u(p). Determine f(5).
-51
Suppose -2*r + 5*v = -8, -25*v = -23*v + 4. Let d(i) = -10*i + 1. Calculate d(r).
11
Let x(q) = -2*q**2 - 7*q - 6. Let h = -152 - -177. Suppose 2*c = 24 + 2. Suppose -h + c = 3*l. Calculate x(l).
-10
Let c(y) = 34*y**3 + y**2 + 1 + y**2 + 0 + 2*y. Let h(v) = 498*v + 7967. Let r be h(-16). Give c(r).
-33
Let d be ((-872)/(-327))/(6/9). Let v(r) be the third derivative of 1/24*r**d - 1/60*r**5 + 0*r - 7/6*r**3 + 0 + 1/120*r**6 - 20*r**2. Give v(0).
-7
Let z(o) = -o**2 - 7*o - 7. Let r = -40 - -40. Suppose 2*t - 90 = 4*h - r*t, -5*t = 15. Let k(i) = -i**3 - 25*i**2 - 24*i - 6. Let s be k(h). Calculate z(s).
-1
Let f(d) = -d**2 + 4*d. Let i be f(3). Let t = i + -5. Let s(j) = -219 + 37 + 43 + 61 - 6*j + 37 + 40. Calculate s(t).
11
Suppose 2*h + 0*h - 2*t = -12, 2*h - 4*t + 2 = 0. Let a(c) = 3*c - 7. Let u(r) = -40*r + 19*r - 2 + 22*r. Let s(x) = h*u(x) + 4*a(x). Determine s(8).
2
Let p(v) = v**2 + 8*v. Let m(a) = -2*a + 3*a - 7 - 3*a + 7*a. Let l = 28 - 28. Let z be m(l). Give p(z).
-7
Suppose 5*r - 7*r = 5*g - 15, 9 = 3*g - 3*r. Let p(u) = -u**3 + 21*u**2 - 18*u**2 - 9*u - 4 + 12*u. What is p(g)?
5
Let s(n) be the first derivative of 15*n**2/2 - 5*n - 902. What is s(-1)?
-20
Let j(r) = -r**2 - 10*r + 13. Let z(q) = -q**3 + 3*q**2 + 4*q + 3. Let s be z(-2). Let b be -2 + 1 - -6 - s. Give j(b).
13
Let h be (-3)/(-6) - 49/56*-4. Suppose h*n - 34 = -m, -3*n = -m - 2*m - 18. Let y(z) = 2*z - 15. What is y(n)?
1
Let s = -265 + 267. Let k(y) = 8*y - 12. Let q(w) = -3*w + 6. Let o(c) = 2*k(c) + 5*q(c). Calculate o(s).
8
Let a(w) be the third derivative of -w**5/60 + 17*w**4/24 + 26*w**3 + w**2 + 57*w - 38. Calculate a(-7).
-12
Let x be -6*((-225)/54)/(-25). Let a(c) = -19*c**2 - 9*c**2 - 1 - 2*c**2 - 2*c. What is a(x)?
-29
Let c = 20035 + -20012. Let l(r) = r**3 - 22*r**2 - 22*r + 6. Calculate l(c).
29
Suppose -477 = -x - 5*n, 15*x = 16*x + 3*n - 473. Let b = 462 - x. Let d(q) = -q + 6. Calculate d(b).
11
Suppose 4 - 2 = 2*m. Let v be -2 - (-8 + m - -3). Let u(k) = -40 - 5*k**2 + k**3 + k + 2*k**v + 44. Calculate u(3).
7
Let t(h) = -h + 9. Let s(a) = a**2 - 23*a + 60. Let z be s(20). Suppose z = -6*c - 299 + 335. Calculate t(c).
3
Let c be ((-2)/(-3))/1 - 40/(-12). Let b be (12/(-9))/(c/6). Let s(f) = 2*f**3 + f**2 - 4*f - 3. What is s(b)?
-7
Let w = 3 + -5. Let u(d) be the first derivative of 2*d + 49 - 124 + d**3 + 1634*d**2 - 1632*d**2. Determine u(w).
6
Suppose -354*j + 343*j - 19 = -3*g, 2*j - 5*g = 50. Let t(f) = f**2 - 3*f + 2*f - 8 + 1. Determine t(j).
23
Let w(s) = 4 - 5 - 3 + 3. Let a(g) = 2*g + 10. Let n(y) = a(y) + 2*w(y). Suppose 0 = -48*r - 1251 + 963. Give n(r).
-4
Let p(u) be the second derivative of u**5/10 + 2*u**4/3 - u**3/3 + u**2 + 93*u - 5. What is p(-6)?
-130
Let z(w) be the first derivative of -5*w**2 - 3246. Let f(s) = -s**2 - 7*s + 1. Let d be 1 - 0 - (-24)/(-3). Let n be f(d). Calculate z(n).
-10
Let u(n) = -n - 5. Suppose 0 = q - 4, 5*v + 5*q - 15 = 5. Let k = 465 - 456. Suppose -2*o - 19 + k = v. What is u(o)?
0
Let u(j) = j**3 - 13*j**2 - 13*j + 14. Let f = 3321 - 3307. Calculate u(f).
28
Let g(m) be the first derivative of m**2/2 - 10*m - 500. What is g(-5)?
-15
Suppose 0 = -5*h - 6*h - 9*h + 120. Let p(v) = -v**3 + 5*v**2 - 4*v - 6. Give p(h).
-66
Let x(w) = 3*w - 19. Let a = 3064 - 3057. What is x(a)?
2
Let y(i) = 13*i**2 + 12*i - 18. Let v(j) = -5*j**2 - 4*j + 7. Let u(x) = -8*v(x) - 3*y(x). Calculate u(4).
-2
Let z(b) = -2*b - 2. Let t be z(-3). Let s(g) = -6*g**2 - 14 + 20 - 13*g + 6*g + 7*g**2. Determine s(t).
-6
Let s(r) = 8*r + 151. Let y(l) = l**2 + 28*l - 147. Let m be y(-32). Calculate s(m).
-1
Let h(t) be the second derivative of 179*t**5/20 + t**3/2 + t**2 + 16*t - 106. Determine h(-1).
-180
Let v(p) = -p**2 - 8*p - 7. Let l(y) = 8*y - 92. Let w be l(12). Suppose 7*d = w*d - 2*q - 17, 0 = d + 3*q + 8. What is v(d)?
8
Let b(o) = 5*o**2 + 2*o + 2. Suppose -43*s = -41*s - 26. Suppose -7 = 10*d + s. Calculate b(d).
18
Let l(x) = -x**3 + 3*x**2 + 5*x + 1. Let c be l(4). Let n(q) be the first derivative of -q**2/2 + 12*q + 972. Give n(c).
7
Let w(b) = -8*b + 25. Let h(y) = 5*y - 18. Let r(p) = 5*h(p) + 2*w(p). Calculate r(5).
5
Let v(p) be the first derivative of -23*p**2/2 - 40*p - 437. Give v(-2).
6
Let u(j) = 2*j - 5. Let h(i) = 83*i**2 + 2*i - 15. Let k(s) = -42*s**2 - s + 7. Let f(g) = 6*h(g) + 13*k(g). Let y be f(1). Let d = y - -52. Calculate u(d).
3
Let j(d) be the third derivative of 1/8*d**4 + 0 + 11/6*d**3 + 8*d**2 + 1/120*d**5 + 0*d. Let f(a) be the first derivative of j(a). What is f(-5)?
-2
Let h be (1050/(-45))/2 + 12. Let m(r) be the second derivative of 0*r**3 - 1/2*r**2 + 0 + h*r**4 + 11*r. Give m(1).
3
Let y(v) = -v**2 + 9*v + 15. Suppose -17*o + 6*o = -275. Let r be (15/o)/((-9)/(-165)). What is y(r)?
-7
Let a(v) = 2*v**2 + 24*v + 18. Let q be a(-11). Let z be (2/10 + 3)/(q/(-10)). Let r(m) = m**3 - 5*m**3 + 2 - 5*m - 4*m**2 - 4*m + z*m. Give r(-2).
20
Suppose -6*g + 38 + 10 = 0. Let s(m) = 0*m - 3 - 5*m + 3*m + g*m. Calculate s(7).
39
Suppose 34*n - 271 = 179 - 42. Let v(c) = -c**3 + 13*c**2 - 14*c + 22. Determine v(n).
-2
Let c(q) = q - 3*q + 6*q + 12 + 50. Give c(-6).
38
Let h be ((-225)/12)/15*(-10)/300. Let k(n) be the third derivative of -1/60*n**5 + 0*n - 1/6*n**3 + 0 + 19/120*n**6 - 24*n**2 + h*n**4. Calculate k(1).
18
Let a(s) be the third derivative of s**4/24 - s**3/6 - 4*s**2. Suppose 15*w - 13*w - 6 = 5*l, -3*w = -4*l - 16. Give a(w).
7
Suppose -4*c = 4*v - 0*c + 12, 0 = 4*v - 5*c - 15. Let h(k) = 4*k + 40. What is h(v)?
40
Let o(w) = w**3 - 8*w**2 + 3*w + 3. Let m(r) be the first derivative of -5*r**2 - 9*r - r**4 + 25/3*r**3 - 19. Let k(g) = 2*m(g) + 7*o(g). Determine k(-6).
-3
Suppose 84*p + 285 = 117. Let k(z) = z**3 + z**2 + z + 6. Determine k(p).
0
Let i(p) = -p**3 + p + 5. Let z be i(0). Suppose 4 = o + 3*k, -4*k + 3*k = -2*o + 1. Let x(h) = -54*h + 6 + 50*h - o. Determine x(z).
-15
Suppose 0 = 89*b - 78*b - 77. Let s(c) = -c**2 + 4*c. Let y be s(4). Let l(m) = 5 + y*m - 2*m + m + 5. Calculate l(b).
3
Suppose 10*j = 9*j + 39. Let f(b) = -j - 31 + 69 + b. Let z be (-2)/(-7) + (-18)/14. What is f(z)?
-2
Let a(z) = 456 + 457 + 452 + 15*z + 2*z**3 - 1373 + 10*z**2 - 3*z**3. What is a(11)?
36
Let i(h) = 4*h. Suppose 2*a - 164 = -5*z, -3*a + z = -4*a + 88. Suppose -2*t + 6*t - a = 0. Suppose -17 = -g - t. Determine i(g).
-24
Let v(i) = -10*i + 7. Suppose 0 = 2*b + 6, -47 = 2*x + 2*b - 51. Let g(n) = -13*n + 8. Let l(u) = x*g(u) - 6*v(u). Calculate l(4).
-22
Let q be (-85)/(4/4*-1). Let c = q - 35. Let t = c - 47. Let g(k) = k**3 - 3*k**2 - k + 1. What is g(t)?
-2
Let z(b) be the second derivative of 3*b**3/2 + 6*b**2 - 5*b + 70. What is z(-6)?
-42
Let x(j) = -j. Suppose 3*m + z + 122 - 18 = 0, -5*m = -5*z + 160. Let g = 38 + m. Let b be (g/(-12))/((-1)/(-3)). What is x(b)?
1
Let h(y) = -2*y**2 + 1 - 2*y**3 + 0 + 6*y**2 - 3*y. Let z(k) be the third derivative of -5*k**4/24 - 11*k**3/2 + 2*k**2 - 2*k. Let q be z(-7). What is h(q)?
-5
Let b(o) be the first derivative of 47*o**2/2 + 187*o - 2288. Determine b(-4).
-1
Let s(y) = -y**3 + 7*y**2 - y - 8. Let p(w) = -w - w + w + 0. Let j(d) = -3*p(d) - s(d). Suppose -66*z = 67*z - 145*z + 72. Determine j(z).
-4
Let l(g) be the third derivative of -g**6/120 - 7*g**5/60 - 7*g**4/24 - 3*g**3/2 + 616*g**2. Give l(-6